s 3022 - 1223323302?
-1223320220
In base 16, what is 4 + -107d98d?
-107d989
In base 9, what is 3 + -8281436?
-8281433
In base 3, what is 10021021012112100000 + -1?
10021021012112022222
In base 4, what is 2131232332210 - -11?
2131232332221
In base 3, what is 2220201101011120 + 2?
2220201101011122
In base 3, what is -222210200 - 10220?
-222221120
In base 7, what is -15562004 - 2?
-15562006
In base 5, what is -33203243001 + -4?
-33203243010
In base 4, what is -3020113312122 - 10?
-3020113312132
In base 6, what is -1 + 214130024?
214130023
In base 5, what is -22222431310 + 1?
-22222431304
In base 15, what is -243c - -22b?
-2211
In base 3, what is 122101 + 120101111020?
120102010121
In base 16, what is e4 - 6d802?
-6d71e
In base 16, what is c16a19 - -4?
c16a1d
In base 12, what is b + 2290a0?
2290ab
In base 9, what is 5 - 6808251?
-6808245
In base 5, what is -4442244 + 104201?
-4333043
In base 14, what is -1c9ba + 52?
-1c968
In base 11, what is 4955a18 - 5?
4955a13
In base 2, what is -11100110000101001100 - 1100110?
-11100110000110110010
In base 2, what is 101100010111 + 10010010000000?
10111110010111
In base 2, what is -101100100001011 - 10011?
-101100100011110
In base 3, what is 22 + -121120002002101?
-121120002002002
In base 16, what is 1c9136 + -1b?
1c911b
In base 16, what is -1e5a45b + -1?
-1e5a45c
In base 14, what is 4 + 23a7c5c8?
23a7c5cc
In base 5, what is 141022234 - 200?
141022034
In base 12, what is -34 - -141831?
1417b9
In base 4, what is 322300022 - -133?
322300221
In base 2, what is 10011001 + 1001000000011100?
1001000010110101
In base 11, what is 172 - -712a82?
713144
In base 16, what is d - -7364b?
73658
In base 5, what is -332133 - -44022?
-233111
In base 13, what is -140c8865 - -3?
-140c8862
In base 5, what is 311 - 43144223?
-43143412
In base 10, what is 2 + -8759165?
-8759163
In base 13, what is -aa3 - -5037?
4264
In base 14, what is 315b + 409?
3566
In base 6, what is -313315024 - -1?
-313315023
In base 10, what is -3119714 + 189?
-3119525
In base 7, what is -2 - 4340005?
-4340010
In base 5, what is -32141113042 - -2?
-32141113040
In base 9, what is -3 + 74572861?
74572857
In base 8, what is -107 + 30465151?
30465042
In base 3, what is -1102202121 + 22100022?
-1010102022
In base 2, what is 100 + -1000111100101111110101011?
-1000111100101111110100111
In base 9, what is 7767820 + 24?
7767844
In base 2, what is -10100111100 - -100001101111?
1100110011
In base 5, what is -4 + -143013424102?
-143013424111
In base 11, what is 398731 - 543?
398199
In base 5, what is -413030 + 13021?
-400004
In base 5, what is 21320104 - 30?
21320024
In base 16, what is 9a + -265e8?
-2654e
In base 14, what is -33583 - a9?
-3364c
In base 5, what is 23 - 3323341444?
-3323341421
In base 10, what is -1 + 149203021?
149203020
In base 11, what is -86104 - -198?
-85a17
In base 5, what is 443 + 124113333?
124114331
In base 2, what is -1110010101111011001000110100 + 11?
-1110010101111011001000110001
In base 12, what is -7 + -39b1685?
-39b1690
In base 11, what is -9 - 740a17?
-740a25
In base 9, what is 1037825 + 25?
1037851
In base 12, what is -37803 - 6123?
-41926
In base 4, what is 2332303220 + -102000?
2332201220
In base 11, what is -481506 + -8?
-481513
In base 9, what is -1033888 + -1458?
-1035457
In base 13, what is 33a7411 + 11?
33a7422
In base 4, what is -211220 + -222033010?
-222310230
In base 5, what is 3 - -2323314243?
2323314301
In base 15, what is -b - -52b2b?
52b20
In base 2, what is 100100 - 101110011010100000110001?
-101110011010100000001101
In base 16, what is 2d - -1fb25d?
1fb28a
In base 9, what is 2 + 61756881?
61756883
In base 11, what is 771 + -166a91?
-166320
In base 14, what is -5 - -83b383?
83b37c
In base 6, what is -5 + 10010542334?
10010542325
In base 3, what is -1021110120212002010 + 0?
-1021110120212002010
In base 10, what is 28 + 778625?
778653
In base 5, what is 113012040 - 231?
113011304
In base 12, what is 285556 - 8?
28554a
In base 9, what is 51013 + 571?
51584
In base 11, what is 1152 - -1686a6?
169848
In base 5, what is -2 - -1004043442310?
1004043442303
In base 10, what is 490897 - -13?
490910
In base 4, what is 12223222120 - 2?
12223222112
In base 10, what is -4 + 542027?
542023
In base 5, what is -3 + -11023230414?
-11023230422
In base 6, what is -1115 - 110113?
-111232
In base 2, what is -100 + -11101011000001010100000?
-11101011000001010100100
In base 16, what is -a439 - 12f3?
-b72c
In base 5, what is -212044 + 41401?
-120143
In base 8, what is 1033521 - 5?
1033514
In base 14, what is 128 - 452a?
-4402
In base 11, what is 3 - -a36a4?
a36a7
In base 10, what is 3 - -13826176?
13826179
In base 16, what is 28a87be + -1?
28a87bd
In base 9, what is -6106 + 84503?
77386
In base 2, what is 10000001100000011011 - -10?
10000001100000011101
In base 6, what is 2053150442 + -30?
2053150412
In base 8, what is -2212605 - 1?
-2212606
In base 8, what is -15 - 306630121?
-306630136
In base 14, what is 2c176 + -792?
2b7c4
In base 8, what is -115247471 - -4?
-115247465
In base 13, what is 199176c + 5?
1991774
In base 15, what is 6 + c1e7bd3?
c1e7bd9
In base 5, what is -34104 + 433443?
344334
In base 4, what is 11 - -10003030000?
10003030011
In base 14, what is -52a077 - -1?
-52a076
In base 14, what is -40236 + a5?
-40171
In base 12, what is 303167 - -359?
303504
In base 11, what is -3a690282 + -3?
-3a690285
In base 8, what is -436 + 14515204?
14514546
In base 9, what is -12 - -3066350?
3066337
In base 15, what is -5 + 679dc95?
679dc90
In base 5, what is -131122 + 13222412?
13041240
In base 8, what is -17754444 - 266?
-17754732
In base 9, what is 26 + 13221?
13247
In base 6, what is 133442 - 4331?
125111
In base 13, what is 148 - 82a77?
-8292c
In base 8, what is -3065215 + -20?
-3065235
In base 14, what is -7 - -18d4b53?
18d4b4a
In base 2, what is -10000010100010101 - 111111001010?
-10001010011011111
In base 5, what is 30 - 102420034?
-102420004
In base 2, what is 10101001000000001 + 10110?
10101001000010111
In base 6, what is -45035 + 3112?
-41523
In base 11, what is -a44 - -2a10?
1a77
In base 2, what is -11111000111 + 100010000110010?
11110001101011
In base 4, what is 1 - 12101311012202?
-12101311012201
In base 14, what is -6b - 5625?
-5692
In base 10, what is -1 + 1210782?
1210781
In base 15, what is -8a4dc0 - 6a?
-8a4e3a
In base 10, what is 23 + -912727?
-912704
In base 2, what is -1 + 101100101011010010110101100?
101100101011010010110101011
In base 4, what is -1211 + 2120101021?
2120033210
In base 12, what is 5 - 35208ab?
-35208a6
In base 11, what is 4 - 1155600?
-11555a7
In base 12, what is 460a00 + 439?
461239
In base 13, what is -48423 - -8b?
-48365
In base 7, what is -53 - 20531104?
-20531160
In base 16, what is -267a + 16?
-2664
In base 10, what is 987294 - -199?
987493
In base 16, what is 2 + 1c66506?
1c66508
In base 9, what is 18654801 - -13?
18654814
In base 11, what is 0 - -6350460a?
6350460a
In base 6, what is 153544 - 11345?
142155
In base 11, what is -2079 + 57791?
55713
In base 10, what is -74 - -96632?
96558
In base 2, what is 100011000000000001 + 110110?
100011000000110111
In base 8, what is 2 - 55607704?
-55607702
In base 2, what is 101111100001010110 - -110010010?
101111100111101000
In base 6, what is 2 + 42155535?
42155541
In base 4, what is -1211 - -200222211?
200221000
In base 15, what is -83c083 - -3?
-83c080
In base 2, what is -111101011001000 - 101101?
-111101011110101
In base 5, what is -20 + 414214100?
414214030
In base 2, what is 111010110000000100110 - -10001?
111010110000000110111
In base 16, what is 3ab68 + 1aa?
3ad12
In base 14, what is -c6953 - 7?
-c695a
In base 9, what is -33631 + 104?
-33526
In base 4, what is -32010133001 - 1311?
-32010200312
In base 9, what is -4618788 - -12?
-4618776
In base 7, what is 311 - -2400024?
2400335
In base 3, what is -2101 + 101121202221?
101121200120
In base 2, what is 1100001101011000110011 - -10?
1100001101011000110101
In base 15, what is 4722c9 - 4?
4722c5
In base 5, what is -12311310404 + 0?
-12311310404
In base 10, what is 0 - 8154676?
-8154676
In base 12, what is 4437 - 1bab8?
-17681
In base 14, what is -1582 + -1957?
-30d9
In base 14, what is 3da34 + -43?
3d9d1
In base 16, what is 17 - -547b2d?
547b44
In base 2, what is 1100000110101010010111100 - -10000?
11000001